{"id":831,"date":"2017-03-10T17:11:39","date_gmt":"2017-03-10T16:11:39","guid":{"rendered":"http:\/\/josephminster.com\/site\/?page_id=831"},"modified":"2025-02-21T13:38:45","modified_gmt":"2025-02-21T12:38:45","slug":"lami-denfance","status":"publish","type":"page","link":"https:\/\/josephminster.com\/site\/lami-denfance\/","title":{"rendered":"L&rsquo;Ami d&rsquo;enfance"},"content":{"rendered":"<p><img data-recalc-dims=\"1\" loading=\"lazy\" decoding=\"async\" class=\"alignnone wp-image-866\" src=\"https:\/\/i0.wp.com\/josephminster.com\/site\/wp-content\/uploads\/2017\/03\/Affiche-Lami-denfance.jpg?resize=520%2C695&#038;ssl=1\" alt=\"\" width=\"520\" height=\"695\" srcset=\"https:\/\/i0.wp.com\/josephminster.com\/site\/wp-content\/uploads\/2017\/03\/Affiche-Lami-denfance.jpg?w=1408&amp;ssl=1 1408w, https:\/\/i0.wp.com\/josephminster.com\/site\/wp-content\/uploads\/2017\/03\/Affiche-Lami-denfance.jpg?resize=225%2C300&amp;ssl=1 225w, https:\/\/i0.wp.com\/josephminster.com\/site\/wp-content\/uploads\/2017\/03\/Affiche-Lami-denfance.jpg?resize=767%2C1024&amp;ssl=1 767w, https:\/\/i0.wp.com\/josephminster.com\/site\/wp-content\/uploads\/2017\/03\/Affiche-Lami-denfance.jpg?resize=640%2C855&amp;ssl=1 640w, https:\/\/i0.wp.com\/josephminster.com\/site\/wp-content\/uploads\/2017\/03\/Affiche-Lami-denfance.jpg?resize=1010%2C1349&amp;ssl=1 1010w, https:\/\/i0.wp.com\/josephminster.com\/site\/wp-content\/uploads\/2017\/03\/Affiche-Lami-denfance.jpg?w=1280&amp;ssl=1 1280w\" sizes=\"auto, (max-width: 520px) 100vw, 520px\" \/><\/p>\n<blockquote><p><strong>2017 \u2013 Fiction, 17\u201900 \u2013 Production&nbsp;: <a href=\"http:\/\/palikaofilms.fr\/courts-metrages\/un-ami-denfance\">Palikao Films<\/a><\/strong><\/p>\n<p><em>Joachim emm\u00e8ne ses amis faire du cano\u00eb. Au cours de la balade, la recomposition des \u00e9quipages d\u00e9stabilise le fragile \u00e9quilibre de leurs relations.<\/em><\/p><\/blockquote>\n\n\t<div class=\"slideshow_container slideshow_container_style-dark\" style=\" \" data-slideshow-id=\"851\" data-style-name=\"style-dark\" data-style-version=\"2.3.1\" >\n\n\t\t\t\t\t<div class=\"slideshow_loading_icon\"><\/div>\n\t\t\n\t\t<div class=\"slideshow_content\" style=\"display: none;\">\n\n\t\t\t<div class=\"slideshow_view\">\n\t\t\t\t<div class=\"slideshow_slide slideshow_slide_image\">\n\t\t\t\t\t\t\t\t\t\t\t<img src=\"https:\/\/i0.wp.com\/josephminster.com\/site\/wp-content\/uploads\/2017\/03\/Basile-Lacoeuilhe-He%CC%81le%CC%80ne-Bressiant_Lami-denfance%C2%A9Palikao-Films.jpeg?fit=1920%2C1080&amp;ssl=1\" alt=\"Basile Lacoeuilhe, He\u0301le\u0300ne Bressiant_L'ami d'enfance\u00a9Palikao Films\" width=\"1920\" height=\"1080\" \/>\n\t\t\t\t\t\t\t\t\t\t<div class=\"slideshow_description_box slideshow_transparent\">\n\t\t\t\t\t\t<div class=\"slideshow_title\">Basile Lacoeuilhe, He\u0301le\u0300ne Bressiant_L'ami d'enfance\u00a9Palikao Films<\/div>\t\t\t\t\t\t\t\t\t\t\t<\/div>\n\t\t\t\t<\/div>\n\n\t\t\t\t\t\t\n\t\t\t\t<div class=\"slideshow_slide slideshow_slide_image\">\n\t\t\t\t\t\t\t\t\t\t\t<img src=\"https:\/\/i0.wp.com\/josephminster.com\/site\/wp-content\/uploads\/2017\/03\/Bellamine-Abdelmalek_Lami-denfance%C2%A9Palikao-Films2.jpeg?fit=1920%2C1080&amp;ssl=1\" alt=\"Bellamine Abdelmalek_L'ami d'enfance\u00a9Palikao Films2\" width=\"1920\" height=\"1080\" \/>\n\t\t\t\t\t\t\t\t\t\t<div class=\"slideshow_description_box slideshow_transparent\">\n\t\t\t\t\t\t<div class=\"slideshow_title\">Bellamine Abdelmalek_L'ami d'enfance\u00a9Palikao Films2<\/div>\t\t\t\t\t\t\t\t\t\t\t<\/div>\n\t\t\t\t<\/div>\n\n\t\t\t\t\t\t\n\t\t\t\t<div class=\"slideshow_slide slideshow_slide_image\">\n\t\t\t\t\t\t\t\t\t\t\t<img src=\"https:\/\/i0.wp.com\/josephminster.com\/site\/wp-content\/uploads\/2017\/03\/Loi%CC%88c-Renard-Amandine-Truffy_Lami-denfance%C2%A9Palikao-Films.jpeg?fit=1920%2C1080&amp;ssl=1\" alt=\"Loi\u0308c Renard, Amandine Truffy_L'ami d'enfance\u00a9Palikao Films\" width=\"1920\" height=\"1080\" \/>\n\t\t\t\t\t\t\t\t\t\t<div class=\"slideshow_description_box slideshow_transparent\">\n\t\t\t\t\t\t<div class=\"slideshow_title\">Loi\u0308c Renard, Amandine Truffy_L'ami d'enfance\u00a9Palikao Films<\/div>\t\t\t\t\t\t\t\t\t\t\t<\/div>\n\t\t\t\t<\/div>\n\n\t\t\t\t\t\t<div style=\"clear: both;\"><\/div><\/div><div class=\"slideshow_view\">\n\t\t\t\t<div class=\"slideshow_slide slideshow_slide_image\">\n\t\t\t\t\t\t\t\t\t\t\t<img src=\"https:\/\/i0.wp.com\/josephminster.com\/site\/wp-content\/uploads\/2017\/03\/He%CC%81le%CC%80ne-Bressiant_Lami-denfance%C2%A9Palikao-Films2.jpeg?fit=1920%2C1080&amp;ssl=1\" alt=\"He\u0301le\u0300ne Bressiant_L'ami d'enfance\u00a9Palikao Films2\" width=\"1920\" height=\"1080\" \/>\n\t\t\t\t\t\t\t\t\t\t<div class=\"slideshow_description_box slideshow_transparent\">\n\t\t\t\t\t\t<div class=\"slideshow_title\">He\u0301le\u0300ne Bressiant_L'ami d'enfance\u00a9Palikao Films2<\/div>\t\t\t\t\t\t\t\t\t\t\t<\/div>\n\t\t\t\t<\/div>\n\n\t\t\t\t\t\t\n\t\t\t\t<div class=\"slideshow_slide slideshow_slide_image\">\n\t\t\t\t\t\t\t\t\t\t\t<img src=\"https:\/\/i0.wp.com\/josephminster.com\/site\/wp-content\/uploads\/2017\/03\/Canoe%CC%88s_Lami-denfance%C2%A9Palikao-Films.jpeg?fit=1920%2C1080&amp;ssl=1\" alt=\"Canoe\u0308s_L'ami d'enfance\u00a9Palikao Films\" width=\"1920\" height=\"1080\" \/>\n\t\t\t\t\t\t\t\t\t\t<div class=\"slideshow_description_box slideshow_transparent\">\n\t\t\t\t\t\t<div class=\"slideshow_title\">Canoe\u0308s_L'ami d'enfance\u00a9Palikao Films<\/div>\t\t\t\t\t\t\t\t\t\t\t<\/div>\n\t\t\t\t<\/div>\n\n\t\t\t\t\t\t\n\t\t\t\t<div class=\"slideshow_slide slideshow_slide_image\">\n\t\t\t\t\t\t\t\t\t\t\t<img src=\"https:\/\/i0.wp.com\/josephminster.com\/site\/wp-content\/uploads\/2017\/03\/Bellamine-Abdelmalek-Loi%CC%88c-Renard_Lami-denfance%C2%A9Palikao-Films2.jpeg?fit=1920%2C1080&amp;ssl=1\" alt=\"Bellamine Abdelmalek, Loi\u0308c Renard_L'ami d'enfance\u00a9Palikao Films2\" width=\"1920\" height=\"1080\" \/>\n\t\t\t\t\t\t\t\t\t\t<div class=\"slideshow_description_box slideshow_transparent\">\n\t\t\t\t\t\t<div class=\"slideshow_title\">Bellamine Abdelmalek, Loi\u0308c Renard_L'ami d'enfance\u00a9Palikao Films2<\/div>\t\t\t\t\t\t\t\t\t\t\t<\/div>\n\t\t\t\t<\/div>\n\n\t\t\t\t\t\t<div style=\"clear: both;\"><\/div><\/div>\n\t\t<\/div>\n\n\t\t<div class=\"slideshow_controlPanel slideshow_transparent\" style=\"display: none;\"><ul><li class=\"slideshow_togglePlay\" data-play-text=\"Play\" data-pause-text=\"Pause\"><\/li><\/ul><\/div>\n\n\t\t<div class=\"slideshow_button slideshow_previous slideshow_transparent\" role=\"button\" data-previous-text=\"Pr\u00e9c\u00e9dent\" style=\"display: none;\"><\/div>\n\t\t<div class=\"slideshow_button slideshow_next slideshow_transparent\" role=\"button\" data-next-text=\"Suivant\" style=\"display: none;\"><\/div>\n\n\t\t<div class=\"slideshow_pagination\" style=\"display: none;\" data-go-to-text=\"Go to slide\"><div class=\"slideshow_pagination_center\"><\/div><\/div>\n\n\t\t<!-- WordPress Slideshow Version 2.3.1 -->\n\n\t\t\t<\/div>\n\n\n<p>Avec&nbsp;: Bellamine Abdelmalek, H\u00e9l\u00e8ne Bressiant, Basile Lacoeuilhe, Lo\u00efc Renard, Amandine Truffy<\/p>\n<p>Sc\u00e9nario et R\u00e9alisation&nbsp;: Joseph Minster \/ Production&nbsp;: Delphine Benroubi \/ Directeur de la photographie&nbsp;: No\u00e9 Bach \/ Ing\u00e9nieur du son&nbsp;: Elton Rabineau \/ Directeur de production&nbsp;: Samuel Bilboulian \/ Montage&nbsp;: Suzanne Van Boxsom \/ Montage son&nbsp;: Florent Castellani \/ Mixage&nbsp;: Jean-Charles Bastion \/ \u00c9talonnage&nbsp;: No\u00e9 Bach \/ Musique originale&nbsp;: Valentin Hadjadj \/ Affiche&nbsp;: B\u00e9rang\u00e8re Sabatier<\/p>\n<div class=\"jetpack-video-wrapper\"><iframe loading=\"lazy\" title=\"L&#039;Ami d&#039;enfance - Extrait\" src=\"https:\/\/player.vimeo.com\/video\/264985851?dnt=1&amp;app_id=122963\" width=\"640\" height=\"360\" frameborder=\"0\" allow=\"autoplay; fullscreen; picture-in-picture; clipboard-write; encrypted-media\"><\/iframe><\/div>\n<p>&nbsp;<\/p>\n<p>&nbsp;<\/p>","protected":false},"excerpt":{"rendered":"<p>2017 \u2013 Fiction, 17\u201900 \u2013 Production&nbsp;: Palikao Films Joachim emm\u00e8ne ses amis faire du cano\u00eb. Au cours de la balade, la recomposition des \u00e9quipages d\u00e9stabilise le fragile \u00e9quilibre de leurs relations. Avec&nbsp;: Bellamine Abdelmalek, H\u00e9l\u00e8ne Bressiant, Basile Lacoeuilhe, Lo\u00efc Renard, Amandine Truffy Sc\u00e9nario et R\u00e9alisation&nbsp;: Joseph Minster \/ Production&nbsp;: Delphine Benroubi \/ Directeur de la [&hellip;]<\/p>","protected":false},"author":1,"featured_media":0,"parent":0,"menu_order":0,"comment_status":"closed","ping_status":"closed","template":"template-parts\/page-full-width.php","meta":{"footnotes":""},"tags":[],"class_list":["post-831","page","type-page","status-publish","hentry"],"yoast_head":"<!-- This site is optimized with the Yoast SEO plugin v27.3 - https:\/\/yoast.com\/product\/yoast-seo-wordpress\/ -->\n<title>L&#039;Ami d&#039;enfance - Joseph Minster<\/title>\n<meta name=\"robots\" content=\"index, follow, max-snippet:-1, max-image-preview:large, max-video-preview:-1\" \/>\n<link rel=\"canonical\" href=\"https:\/\/josephminster.com\/site\/lami-denfance\/\" \/>\n<meta property=\"og:locale\" content=\"fr_FR\" \/>\n<meta property=\"og:type\" content=\"article\" \/>\n<meta property=\"og:title\" content=\"L&#039;Ami d&#039;enfance - Joseph Minster\" \/>\n<meta property=\"og:description\" content=\"2017 \u2013 Fiction, 17\u201900 \u2013 Production&nbsp;: Palikao Films Joachim emm\u00e8ne ses amis faire du cano\u00eb. Au cours de la balade, la recomposition des \u00e9quipages d\u00e9stabilise le fragile \u00e9quilibre de leurs relations. Avec&nbsp;: Bellamine Abdelmalek, H\u00e9l\u00e8ne Bressiant, Basile Lacoeuilhe, Lo\u00efc Renard, Amandine Truffy Sc\u00e9nario et R\u00e9alisation&nbsp;: Joseph Minster \/ Production&nbsp;: Delphine Benroubi \/ Directeur de la [&hellip;]\" \/>\n<meta property=\"og:url\" content=\"https:\/\/josephminster.com\/site\/lami-denfance\/\" \/>\n<meta property=\"og:site_name\" content=\"Joseph Minster\" \/>\n<meta property=\"article:modified_time\" content=\"2025-02-21T12:38:45+00:00\" \/>\n<meta property=\"og:image\" content=\"http:\/\/josephminster.com\/site\/wp-content\/uploads\/2017\/03\/Affiche-Lami-denfance.jpg\" \/>\n<meta name=\"twitter:card\" content=\"summary_large_image\" \/>\n<meta name=\"twitter:label1\" content=\"Dur\u00e9e de lecture estim\u00e9e\" \/>\n\t<meta name=\"twitter:data1\" content=\"1 minute\" \/>\n<script type=\"application\/ld+json\" class=\"yoast-schema-graph\">{\"@context\":\"https:\\\/\\\/schema.org\",\"@graph\":[{\"@type\":\"WebPage\",\"@id\":\"https:\\\/\\\/josephminster.com\\\/site\\\/lami-denfance\\\/\",\"url\":\"https:\\\/\\\/josephminster.com\\\/site\\\/lami-denfance\\\/\",\"name\":\"L'Ami d'enfance - Joseph Minster\",\"isPartOf\":{\"@id\":\"https:\\\/\\\/josephminster.com\\\/site\\\/#website\"},\"primaryImageOfPage\":{\"@id\":\"https:\\\/\\\/josephminster.com\\\/site\\\/lami-denfance\\\/#primaryimage\"},\"image\":{\"@id\":\"https:\\\/\\\/josephminster.com\\\/site\\\/lami-denfance\\\/#primaryimage\"},\"thumbnailUrl\":\"http:\\\/\\\/josephminster.com\\\/site\\\/wp-content\\\/uploads\\\/2017\\\/03\\\/Affiche-Lami-denfance.jpg\",\"datePublished\":\"2017-03-10T16:11:39+00:00\",\"dateModified\":\"2025-02-21T12:38:45+00:00\",\"breadcrumb\":{\"@id\":\"https:\\\/\\\/josephminster.com\\\/site\\\/lami-denfance\\\/#breadcrumb\"},\"inLanguage\":\"fr-FR\",\"potentialAction\":[{\"@type\":\"ReadAction\",\"target\":[\"https:\\\/\\\/josephminster.com\\\/site\\\/lami-denfance\\\/\"]}]},{\"@type\":\"ImageObject\",\"inLanguage\":\"fr-FR\",\"@id\":\"https:\\\/\\\/josephminster.com\\\/site\\\/lami-denfance\\\/#primaryimage\",\"url\":\"http:\\\/\\\/josephminster.com\\\/site\\\/wp-content\\\/uploads\\\/2017\\\/03\\\/Affiche-Lami-denfance.jpg\",\"contentUrl\":\"http:\\\/\\\/josephminster.com\\\/site\\\/wp-content\\\/uploads\\\/2017\\\/03\\\/Affiche-Lami-denfance.jpg\"},{\"@type\":\"BreadcrumbList\",\"@id\":\"https:\\\/\\\/josephminster.com\\\/site\\\/lami-denfance\\\/#breadcrumb\",\"itemListElement\":[{\"@type\":\"ListItem\",\"position\":1,\"name\":\"Accueil\",\"item\":\"https:\\\/\\\/josephminster.com\\\/site\\\/\"},{\"@type\":\"ListItem\",\"position\":2,\"name\":\"L&rsquo;Ami d&rsquo;enfance\"}]},{\"@type\":\"WebSite\",\"@id\":\"https:\\\/\\\/josephminster.com\\\/site\\\/#website\",\"url\":\"https:\\\/\\\/josephminster.com\\\/site\\\/\",\"name\":\"Joseph Minster\",\"description\":\"Auteur, R\u00e9alisateur\",\"publisher\":{\"@id\":\"https:\\\/\\\/josephminster.com\\\/site\\\/#\\\/schema\\\/person\\\/973155dfa27d618c990ef6dfdc3705c9\"},\"potentialAction\":[{\"@type\":\"SearchAction\",\"target\":{\"@type\":\"EntryPoint\",\"urlTemplate\":\"https:\\\/\\\/josephminster.com\\\/site\\\/?s={search_term_string}\"},\"query-input\":{\"@type\":\"PropertyValueSpecification\",\"valueRequired\":true,\"valueName\":\"search_term_string\"}}],\"inLanguage\":\"fr-FR\"},{\"@type\":[\"Person\",\"Organization\"],\"@id\":\"https:\\\/\\\/josephminster.com\\\/site\\\/#\\\/schema\\\/person\\\/973155dfa27d618c990ef6dfdc3705c9\",\"name\":\"Joseph Minster\",\"image\":{\"@type\":\"ImageObject\",\"inLanguage\":\"fr-FR\",\"@id\":\"https:\\\/\\\/i0.wp.com\\\/josephminster.com\\\/site\\\/wp-content\\\/uploads\\\/2019\\\/11\\\/Joseph_Photo-7.jpg?fit=3360%2C2240&ssl=1\",\"url\":\"https:\\\/\\\/i0.wp.com\\\/josephminster.com\\\/site\\\/wp-content\\\/uploads\\\/2019\\\/11\\\/Joseph_Photo-7.jpg?fit=3360%2C2240&ssl=1\",\"contentUrl\":\"https:\\\/\\\/i0.wp.com\\\/josephminster.com\\\/site\\\/wp-content\\\/uploads\\\/2019\\\/11\\\/Joseph_Photo-7.jpg?fit=3360%2C2240&ssl=1\",\"width\":3360,\"height\":2240,\"caption\":\"Joseph Minster\"},\"logo\":{\"@id\":\"https:\\\/\\\/i0.wp.com\\\/josephminster.com\\\/site\\\/wp-content\\\/uploads\\\/2019\\\/11\\\/Joseph_Photo-7.jpg?fit=3360%2C2240&ssl=1\"}}]}<\/script>\n<!-- \/ Yoast SEO plugin. -->","yoast_head_json":{"title":"L'Ami d'enfance - Joseph Minster","robots":{"index":"index","follow":"follow","max-snippet":"max-snippet:-1","max-image-preview":"max-image-preview:large","max-video-preview":"max-video-preview:-1"},"canonical":"https:\/\/josephminster.com\/site\/lami-denfance\/","og_locale":"fr_FR","og_type":"article","og_title":"L'Ami d'enfance - Joseph Minster","og_description":"2017 \u2013 Fiction, 17\u201900 \u2013 Production&nbsp;: Palikao Films Joachim emm\u00e8ne ses amis faire du cano\u00eb. Au cours de la balade, la recomposition des \u00e9quipages d\u00e9stabilise le fragile \u00e9quilibre de leurs relations. Avec&nbsp;: Bellamine Abdelmalek, H\u00e9l\u00e8ne Bressiant, Basile Lacoeuilhe, Lo\u00efc Renard, Amandine Truffy Sc\u00e9nario et R\u00e9alisation&nbsp;: Joseph Minster \/ Production&nbsp;: Delphine Benroubi \/ Directeur de la [&hellip;]","og_url":"https:\/\/josephminster.com\/site\/lami-denfance\/","og_site_name":"Joseph Minster","article_modified_time":"2025-02-21T12:38:45+00:00","og_image":[{"url":"http:\/\/josephminster.com\/site\/wp-content\/uploads\/2017\/03\/Affiche-Lami-denfance.jpg","type":"","width":"","height":""}],"twitter_card":"summary_large_image","twitter_misc":{"Dur\u00e9e de lecture estim\u00e9e":"1 minute"},"schema":{"@context":"https:\/\/schema.org","@graph":[{"@type":"WebPage","@id":"https:\/\/josephminster.com\/site\/lami-denfance\/","url":"https:\/\/josephminster.com\/site\/lami-denfance\/","name":"L'Ami d'enfance - Joseph Minster","isPartOf":{"@id":"https:\/\/josephminster.com\/site\/#website"},"primaryImageOfPage":{"@id":"https:\/\/josephminster.com\/site\/lami-denfance\/#primaryimage"},"image":{"@id":"https:\/\/josephminster.com\/site\/lami-denfance\/#primaryimage"},"thumbnailUrl":"http:\/\/josephminster.com\/site\/wp-content\/uploads\/2017\/03\/Affiche-Lami-denfance.jpg","datePublished":"2017-03-10T16:11:39+00:00","dateModified":"2025-02-21T12:38:45+00:00","breadcrumb":{"@id":"https:\/\/josephminster.com\/site\/lami-denfance\/#breadcrumb"},"inLanguage":"fr-FR","potentialAction":[{"@type":"ReadAction","target":["https:\/\/josephminster.com\/site\/lami-denfance\/"]}]},{"@type":"ImageObject","inLanguage":"fr-FR","@id":"https:\/\/josephminster.com\/site\/lami-denfance\/#primaryimage","url":"http:\/\/josephminster.com\/site\/wp-content\/uploads\/2017\/03\/Affiche-Lami-denfance.jpg","contentUrl":"http:\/\/josephminster.com\/site\/wp-content\/uploads\/2017\/03\/Affiche-Lami-denfance.jpg"},{"@type":"BreadcrumbList","@id":"https:\/\/josephminster.com\/site\/lami-denfance\/#breadcrumb","itemListElement":[{"@type":"ListItem","position":1,"name":"Accueil","item":"https:\/\/josephminster.com\/site\/"},{"@type":"ListItem","position":2,"name":"L&rsquo;Ami d&rsquo;enfance"}]},{"@type":"WebSite","@id":"https:\/\/josephminster.com\/site\/#website","url":"https:\/\/josephminster.com\/site\/","name":"Joseph Minster","description":"Auteur, R\u00e9alisateur","publisher":{"@id":"https:\/\/josephminster.com\/site\/#\/schema\/person\/973155dfa27d618c990ef6dfdc3705c9"},"potentialAction":[{"@type":"SearchAction","target":{"@type":"EntryPoint","urlTemplate":"https:\/\/josephminster.com\/site\/?s={search_term_string}"},"query-input":{"@type":"PropertyValueSpecification","valueRequired":true,"valueName":"search_term_string"}}],"inLanguage":"fr-FR"},{"@type":["Person","Organization"],"@id":"https:\/\/josephminster.com\/site\/#\/schema\/person\/973155dfa27d618c990ef6dfdc3705c9","name":"Joseph Minster","image":{"@type":"ImageObject","inLanguage":"fr-FR","@id":"https:\/\/i0.wp.com\/josephminster.com\/site\/wp-content\/uploads\/2019\/11\/Joseph_Photo-7.jpg?fit=3360%2C2240&ssl=1","url":"https:\/\/i0.wp.com\/josephminster.com\/site\/wp-content\/uploads\/2019\/11\/Joseph_Photo-7.jpg?fit=3360%2C2240&ssl=1","contentUrl":"https:\/\/i0.wp.com\/josephminster.com\/site\/wp-content\/uploads\/2019\/11\/Joseph_Photo-7.jpg?fit=3360%2C2240&ssl=1","width":3360,"height":2240,"caption":"Joseph Minster"},"logo":{"@id":"https:\/\/i0.wp.com\/josephminster.com\/site\/wp-content\/uploads\/2019\/11\/Joseph_Photo-7.jpg?fit=3360%2C2240&ssl=1"}}]}},"jetpack_sharing_enabled":true,"jetpack_shortlink":"https:\/\/wp.me\/P78IKp-dp","_links":{"self":[{"href":"https:\/\/josephminster.com\/site\/wp-json\/wp\/v2\/pages\/831","targetHints":{"allow":["GET"]}}],"collection":[{"href":"https:\/\/josephminster.com\/site\/wp-json\/wp\/v2\/pages"}],"about":[{"href":"https:\/\/josephminster.com\/site\/wp-json\/wp\/v2\/types\/page"}],"author":[{"embeddable":true,"href":"https:\/\/josephminster.com\/site\/wp-json\/wp\/v2\/users\/1"}],"replies":[{"embeddable":true,"href":"https:\/\/josephminster.com\/site\/wp-json\/wp\/v2\/comments?post=831"}],"version-history":[{"count":15,"href":"https:\/\/josephminster.com\/site\/wp-json\/wp\/v2\/pages\/831\/revisions"}],"predecessor-version":[{"id":2138,"href":"https:\/\/josephminster.com\/site\/wp-json\/wp\/v2\/pages\/831\/revisions\/2138"}],"wp:attachment":[{"href":"https:\/\/josephminster.com\/site\/wp-json\/wp\/v2\/media?parent=831"}],"wp:term":[{"taxonomy":"post_tag","embeddable":true,"href":"https:\/\/josephminster.com\/site\/wp-json\/wp\/v2\/tags?post=831"}],"curies":[{"name":"wp","href":"https:\/\/api.w.org\/{rel}","templated":true}]}}