{"id":59,"date":"2016-01-18T14:28:39","date_gmt":"2016-01-18T13:28:39","guid":{"rendered":"http:\/\/josephminster.com\/site\/?page_id=59"},"modified":"2025-06-07T12:09:49","modified_gmt":"2025-06-07T11:09:49","slug":"a-propos","status":"publish","type":"page","link":"https:\/\/josephminster.com\/site\/a-propos\/","title":{"rendered":"\u00c0 propos"},"content":{"rendered":"<p><img data-recalc-dims=\"1\" loading=\"lazy\" decoding=\"async\" class=\"wp-image-1380 size-medium alignright\" src=\"https:\/\/i0.wp.com\/josephminster.com\/site\/wp-content\/uploads\/2019\/11\/Joseph_Photo-7.jpg?resize=300%2C200&#038;ssl=1\" alt=\"Joseph Minster\" width=\"300\" height=\"200\" srcset=\"https:\/\/i0.wp.com\/josephminster.com\/site\/wp-content\/uploads\/2019\/11\/Joseph_Photo-7.jpg?resize=300%2C200&amp;ssl=1 300w, https:\/\/i0.wp.com\/josephminster.com\/site\/wp-content\/uploads\/2019\/11\/Joseph_Photo-7.jpg?resize=1024%2C683&amp;ssl=1 1024w, https:\/\/i0.wp.com\/josephminster.com\/site\/wp-content\/uploads\/2019\/11\/Joseph_Photo-7.jpg?resize=640%2C427&amp;ssl=1 640w, https:\/\/i0.wp.com\/josephminster.com\/site\/wp-content\/uploads\/2019\/11\/Joseph_Photo-7.jpg?resize=1010%2C673&amp;ssl=1 1010w, https:\/\/i0.wp.com\/josephminster.com\/site\/wp-content\/uploads\/2019\/11\/Joseph_Photo-7.jpg?w=1280&amp;ssl=1 1280w, https:\/\/i0.wp.com\/josephminster.com\/site\/wp-content\/uploads\/2019\/11\/Joseph_Photo-7.jpg?w=1920&amp;ssl=1 1920w\" sizes=\"auto, (max-width: 300px) 100vw, 300px\" \/><\/p>\n<p>Auteur d\u2019une quinzaine de courts et moyens m\u00e9trages, Joseph Minster vit et travaille \u00e0 Paris, mais revient souvent dans les Alpes filmer les paysages de son enfance. Dipl\u00f4m\u00e9 d&rsquo;un master en litt\u00e9rature compar\u00e9e, du d\u00e9partement r\u00e9alisation de la <a href=\"https:\/\/www.femis.fr\/index.php?page=fiche_ancien&amp;id_ancien=18438\">F\u00e9mis<\/a> et docteur en \u00e9tudes cin\u00e9matographiques, Joseph Minster a \u00e9t\u00e9 laur\u00e9at du prix du jury du <a href=\"https:\/\/prix-scenariste.org\/fr\/accueil\/laureats-finalistes-et-films-1986-2\/21\">prix Sopadin du meilleur sc\u00e9nario junior<\/a> en 2015, et de la <a href=\"https:\/\/www.lagardere.com\/fondation\/laureats\/joseph-minster\/\">bourse Lagard\u00e8re sc\u00e9nariste TV<\/a> en 2016. Il d\u00e9veloppe actuellement des projets de long-m\u00e9trages. Rattach\u00e9 au laboratoire <a href=\"https:\/\/sacre.psl.eu\/\">SACRe<\/a> (Universit\u00e9 PSL \u2013 La F\u00e9mis), Joseph Minster enseigne aussi le cin\u00e9ma \u00e0 l\u2019universit\u00e9.<\/p>\n<p><span style=\"color: #ff6600;\"><a href=\"https:\/\/josephminster.com\/site\/wp-content\/uploads\/2025\/06\/CV-2025-FR.pdf\"><span style=\"color: #ff9900;\">CV 2025 FR<\/span><\/a>\u00a0 \u00a0\u00a0<span style=\"color: #800000;\"><a style=\"color: #800000;\" href=\"https:\/\/josephminster.com\/site\/about\/\"><em>about<\/em><\/a><\/span><\/span><\/p>","protected":false},"excerpt":{"rendered":"<p>Auteur d\u2019une quinzaine de courts et moyens m\u00e9trages, Joseph Minster vit et travaille \u00e0 Paris, mais revient souvent dans les Alpes filmer les paysages de son enfance. Dipl\u00f4m\u00e9 d&rsquo;un master en litt\u00e9rature compar\u00e9e, du d\u00e9partement r\u00e9alisation de la F\u00e9mis et docteur en \u00e9tudes cin\u00e9matographiques, Joseph Minster a \u00e9t\u00e9 laur\u00e9at du prix du jury du prix [&hellip;]<\/p>","protected":false},"author":1,"featured_media":0,"parent":0,"menu_order":0,"comment_status":"closed","ping_status":"closed","template":"","meta":{"footnotes":""},"tags":[],"class_list":["post-59","page","type-page","status-publish","hentry"],"yoast_head":"<!-- This site is optimized with the Yoast SEO plugin v27.4 - https:\/\/yoast.com\/product\/yoast-seo-wordpress\/ -->\n<title>Joseph Minster - \u00c0 propos<\/title>\n<meta name=\"description\" content=\"Auteur-r\u00e9alisateur, Joseph Minster \u00e9crit pour le web et le cin\u00e9ma. Il enseigne aussi l&#039;histoire et la th\u00e9orie du cin\u00e9ma \u00e0 l&#039;universit\u00e9.\" \/>\n<meta name=\"robots\" content=\"index, follow, max-snippet:-1, max-image-preview:large, max-video-preview:-1\" \/>\n<link rel=\"canonical\" href=\"http:\/\/josephminster.com\/site\/a-propos\/\" \/>\n<meta property=\"og:locale\" content=\"fr_FR\" \/>\n<meta property=\"og:type\" content=\"article\" \/>\n<meta property=\"og:title\" content=\"Joseph Minster - \u00c0 propos\" \/>\n<meta property=\"og:description\" content=\"Auteur-r\u00e9alisateur, Joseph Minster \u00e9crit pour le web et le cin\u00e9ma. Il enseigne aussi l&#039;histoire et la th\u00e9orie du cin\u00e9ma \u00e0 l&#039;universit\u00e9.\" \/>\n<meta property=\"og:url\" content=\"http:\/\/josephminster.com\/site\/a-propos\/\" \/>\n<meta property=\"og:site_name\" content=\"Joseph Minster\" \/>\n<meta property=\"article:modified_time\" content=\"2025-06-07T11:09:49+00:00\" \/>\n<meta property=\"og:image\" content=\"http:\/\/josephminster.com\/site\/wp-content\/uploads\/2019\/11\/Joseph_Photo-7-300x200.jpg\" \/>\n<meta name=\"twitter:card\" content=\"summary_large_image\" \/>\n<meta name=\"twitter:label1\" content=\"Dur\u00e9e de lecture estim\u00e9e\" \/>\n\t<meta name=\"twitter:data1\" content=\"1 minute\" \/>\n<script type=\"application\/ld+json\" class=\"yoast-schema-graph\">{\"@context\":\"https:\\\/\\\/schema.org\",\"@graph\":[{\"@type\":[\"WebPage\",\"ProfilePage\"],\"@id\":\"https:\\\/\\\/josephminster.com\\\/site\\\/a-propos\\\/\",\"url\":\"http:\\\/\\\/josephminster.com\\\/site\\\/a-propos\\\/\",\"name\":\"Joseph Minster - \u00c0 propos\",\"isPartOf\":{\"@id\":\"https:\\\/\\\/josephminster.com\\\/site\\\/#website\"},\"primaryImageOfPage\":{\"@id\":\"http:\\\/\\\/josephminster.com\\\/site\\\/a-propos\\\/#primaryimage\"},\"image\":{\"@id\":\"http:\\\/\\\/josephminster.com\\\/site\\\/a-propos\\\/#primaryimage\"},\"thumbnailUrl\":\"http:\\\/\\\/josephminster.com\\\/site\\\/wp-content\\\/uploads\\\/2019\\\/11\\\/Joseph_Photo-7-300x200.jpg\",\"datePublished\":\"2016-01-18T13:28:39+00:00\",\"dateModified\":\"2025-06-07T11:09:49+00:00\",\"description\":\"Auteur-r\u00e9alisateur, Joseph Minster \u00e9crit pour le web et le cin\u00e9ma. Il enseigne aussi l'histoire et la th\u00e9orie du cin\u00e9ma \u00e0 l'universit\u00e9.\",\"breadcrumb\":{\"@id\":\"http:\\\/\\\/josephminster.com\\\/site\\\/a-propos\\\/#breadcrumb\"},\"inLanguage\":\"fr-FR\",\"potentialAction\":[{\"@type\":\"ReadAction\",\"target\":[\"http:\\\/\\\/josephminster.com\\\/site\\\/a-propos\\\/\"]}]},{\"@type\":\"ImageObject\",\"inLanguage\":\"fr-FR\",\"@id\":\"http:\\\/\\\/josephminster.com\\\/site\\\/a-propos\\\/#primaryimage\",\"url\":\"http:\\\/\\\/josephminster.com\\\/site\\\/wp-content\\\/uploads\\\/2019\\\/11\\\/Joseph_Photo-7-300x200.jpg\",\"contentUrl\":\"http:\\\/\\\/josephminster.com\\\/site\\\/wp-content\\\/uploads\\\/2019\\\/11\\\/Joseph_Photo-7-300x200.jpg\"},{\"@type\":\"BreadcrumbList\",\"@id\":\"http:\\\/\\\/josephminster.com\\\/site\\\/a-propos\\\/#breadcrumb\",\"itemListElement\":[{\"@type\":\"ListItem\",\"position\":1,\"name\":\"Accueil\",\"item\":\"https:\\\/\\\/josephminster.com\\\/site\\\/\"},{\"@type\":\"ListItem\",\"position\":2,\"name\":\"\u00c0 propos\"}]},{\"@type\":\"WebSite\",\"@id\":\"https:\\\/\\\/josephminster.com\\\/site\\\/#website\",\"url\":\"https:\\\/\\\/josephminster.com\\\/site\\\/\",\"name\":\"Joseph Minster\",\"description\":\"Auteur, R\u00e9alisateur\",\"publisher\":{\"@id\":\"https:\\\/\\\/josephminster.com\\\/site\\\/#\\\/schema\\\/person\\\/973155dfa27d618c990ef6dfdc3705c9\"},\"potentialAction\":[{\"@type\":\"SearchAction\",\"target\":{\"@type\":\"EntryPoint\",\"urlTemplate\":\"https:\\\/\\\/josephminster.com\\\/site\\\/?s={search_term_string}\"},\"query-input\":{\"@type\":\"PropertyValueSpecification\",\"valueRequired\":true,\"valueName\":\"search_term_string\"}}],\"inLanguage\":\"fr-FR\"},{\"@type\":[\"Person\",\"Organization\"],\"@id\":\"https:\\\/\\\/josephminster.com\\\/site\\\/#\\\/schema\\\/person\\\/973155dfa27d618c990ef6dfdc3705c9\",\"name\":\"Joseph Minster\",\"image\":{\"@type\":\"ImageObject\",\"inLanguage\":\"fr-FR\",\"@id\":\"https:\\\/\\\/i0.wp.com\\\/josephminster.com\\\/site\\\/wp-content\\\/uploads\\\/2019\\\/11\\\/Joseph_Photo-7.jpg?fit=3360%2C2240&ssl=1\",\"url\":\"https:\\\/\\\/i0.wp.com\\\/josephminster.com\\\/site\\\/wp-content\\\/uploads\\\/2019\\\/11\\\/Joseph_Photo-7.jpg?fit=3360%2C2240&ssl=1\",\"contentUrl\":\"https:\\\/\\\/i0.wp.com\\\/josephminster.com\\\/site\\\/wp-content\\\/uploads\\\/2019\\\/11\\\/Joseph_Photo-7.jpg?fit=3360%2C2240&ssl=1\",\"width\":3360,\"height\":2240,\"caption\":\"Joseph Minster\"},\"logo\":{\"@id\":\"https:\\\/\\\/i0.wp.com\\\/josephminster.com\\\/site\\\/wp-content\\\/uploads\\\/2019\\\/11\\\/Joseph_Photo-7.jpg?fit=3360%2C2240&ssl=1\"},\"mainEntityOfPage\":{\"@id\":\"https:\\\/\\\/josephminster.com\\\/site\\\/a-propos\\\/\"}}]}<\/script>\n<!-- \/ Yoast SEO plugin. -->","yoast_head_json":{"title":"Joseph Minster - \u00c0 propos","description":"Auteur-r\u00e9alisateur, Joseph Minster \u00e9crit pour le web et le cin\u00e9ma. Il enseigne aussi l'histoire et la th\u00e9orie du cin\u00e9ma \u00e0 l'universit\u00e9.","robots":{"index":"index","follow":"follow","max-snippet":"max-snippet:-1","max-image-preview":"max-image-preview:large","max-video-preview":"max-video-preview:-1"},"canonical":"http:\/\/josephminster.com\/site\/a-propos\/","og_locale":"fr_FR","og_type":"article","og_title":"Joseph Minster - \u00c0 propos","og_description":"Auteur-r\u00e9alisateur, Joseph Minster \u00e9crit pour le web et le cin\u00e9ma. Il enseigne aussi l'histoire et la th\u00e9orie du cin\u00e9ma \u00e0 l'universit\u00e9.","og_url":"http:\/\/josephminster.com\/site\/a-propos\/","og_site_name":"Joseph Minster","article_modified_time":"2025-06-07T11:09:49+00:00","og_image":[{"url":"http:\/\/josephminster.com\/site\/wp-content\/uploads\/2019\/11\/Joseph_Photo-7-300x200.jpg","type":"","width":"","height":""}],"twitter_card":"summary_large_image","twitter_misc":{"Dur\u00e9e de lecture estim\u00e9e":"1 minute"},"schema":{"@context":"https:\/\/schema.org","@graph":[{"@type":["WebPage","ProfilePage"],"@id":"https:\/\/josephminster.com\/site\/a-propos\/","url":"http:\/\/josephminster.com\/site\/a-propos\/","name":"Joseph Minster - \u00c0 propos","isPartOf":{"@id":"https:\/\/josephminster.com\/site\/#website"},"primaryImageOfPage":{"@id":"http:\/\/josephminster.com\/site\/a-propos\/#primaryimage"},"image":{"@id":"http:\/\/josephminster.com\/site\/a-propos\/#primaryimage"},"thumbnailUrl":"http:\/\/josephminster.com\/site\/wp-content\/uploads\/2019\/11\/Joseph_Photo-7-300x200.jpg","datePublished":"2016-01-18T13:28:39+00:00","dateModified":"2025-06-07T11:09:49+00:00","description":"Auteur-r\u00e9alisateur, Joseph Minster \u00e9crit pour le web et le cin\u00e9ma. Il enseigne aussi l'histoire et la th\u00e9orie du cin\u00e9ma \u00e0 l'universit\u00e9.","breadcrumb":{"@id":"http:\/\/josephminster.com\/site\/a-propos\/#breadcrumb"},"inLanguage":"fr-FR","potentialAction":[{"@type":"ReadAction","target":["http:\/\/josephminster.com\/site\/a-propos\/"]}]},{"@type":"ImageObject","inLanguage":"fr-FR","@id":"http:\/\/josephminster.com\/site\/a-propos\/#primaryimage","url":"http:\/\/josephminster.com\/site\/wp-content\/uploads\/2019\/11\/Joseph_Photo-7-300x200.jpg","contentUrl":"http:\/\/josephminster.com\/site\/wp-content\/uploads\/2019\/11\/Joseph_Photo-7-300x200.jpg"},{"@type":"BreadcrumbList","@id":"http:\/\/josephminster.com\/site\/a-propos\/#breadcrumb","itemListElement":[{"@type":"ListItem","position":1,"name":"Accueil","item":"https:\/\/josephminster.com\/site\/"},{"@type":"ListItem","position":2,"name":"\u00c0 propos"}]},{"@type":"WebSite","@id":"https:\/\/josephminster.com\/site\/#website","url":"https:\/\/josephminster.com\/site\/","name":"Joseph Minster","description":"Auteur, R\u00e9alisateur","publisher":{"@id":"https:\/\/josephminster.com\/site\/#\/schema\/person\/973155dfa27d618c990ef6dfdc3705c9"},"potentialAction":[{"@type":"SearchAction","target":{"@type":"EntryPoint","urlTemplate":"https:\/\/josephminster.com\/site\/?s={search_term_string}"},"query-input":{"@type":"PropertyValueSpecification","valueRequired":true,"valueName":"search_term_string"}}],"inLanguage":"fr-FR"},{"@type":["Person","Organization"],"@id":"https:\/\/josephminster.com\/site\/#\/schema\/person\/973155dfa27d618c990ef6dfdc3705c9","name":"Joseph Minster","image":{"@type":"ImageObject","inLanguage":"fr-FR","@id":"https:\/\/i0.wp.com\/josephminster.com\/site\/wp-content\/uploads\/2019\/11\/Joseph_Photo-7.jpg?fit=3360%2C2240&ssl=1","url":"https:\/\/i0.wp.com\/josephminster.com\/site\/wp-content\/uploads\/2019\/11\/Joseph_Photo-7.jpg?fit=3360%2C2240&ssl=1","contentUrl":"https:\/\/i0.wp.com\/josephminster.com\/site\/wp-content\/uploads\/2019\/11\/Joseph_Photo-7.jpg?fit=3360%2C2240&ssl=1","width":3360,"height":2240,"caption":"Joseph Minster"},"logo":{"@id":"https:\/\/i0.wp.com\/josephminster.com\/site\/wp-content\/uploads\/2019\/11\/Joseph_Photo-7.jpg?fit=3360%2C2240&ssl=1"},"mainEntityOfPage":{"@id":"https:\/\/josephminster.com\/site\/a-propos\/"}}]}},"jetpack_sharing_enabled":true,"jetpack_shortlink":"https:\/\/wp.me\/P78IKp-X","_links":{"self":[{"href":"https:\/\/josephminster.com\/site\/wp-json\/wp\/v2\/pages\/59","targetHints":{"allow":["GET"]}}],"collection":[{"href":"https:\/\/josephminster.com\/site\/wp-json\/wp\/v2\/pages"}],"about":[{"href":"https:\/\/josephminster.com\/site\/wp-json\/wp\/v2\/types\/page"}],"author":[{"embeddable":true,"href":"https:\/\/josephminster.com\/site\/wp-json\/wp\/v2\/users\/1"}],"replies":[{"embeddable":true,"href":"https:\/\/josephminster.com\/site\/wp-json\/wp\/v2\/comments?post=59"}],"version-history":[{"count":91,"href":"https:\/\/josephminster.com\/site\/wp-json\/wp\/v2\/pages\/59\/revisions"}],"predecessor-version":[{"id":2209,"href":"https:\/\/josephminster.com\/site\/wp-json\/wp\/v2\/pages\/59\/revisions\/2209"}],"wp:attachment":[{"href":"https:\/\/josephminster.com\/site\/wp-json\/wp\/v2\/media?parent=59"}],"wp:term":[{"taxonomy":"post_tag","embeddable":true,"href":"https:\/\/josephminster.com\/site\/wp-json\/wp\/v2\/tags?post=59"}],"curies":[{"name":"wp","href":"https:\/\/api.w.org\/{rel}","templated":true}]}}