{"version":"1.0","provider_name":"Joseph Minster","provider_url":"https:\/\/josephminster.com\/site","author_name":"Joseph Minster","author_url":"https:\/\/josephminster.com\/site\/author\/josephminster\/","title":"\"Charon\" en comp\u00e9tition au festival S\u00e9ries Mania 2016 - Joseph Minster","type":"rich","width":600,"height":338,"html":"<blockquote class=\"wp-embedded-content\" data-secret=\"86SlXMn3dF\"><a href=\"https:\/\/josephminster.com\/site\/charon-selectionne-pour-le-festival-series-mania-2016\/\">\u00ab\u00a0Charon\u00a0\u00bb en comp\u00e9tition au festival S\u00e9ries Mania 2016<\/a><\/blockquote><iframe sandbox=\"allow-scripts\" security=\"restricted\" src=\"https:\/\/josephminster.com\/site\/charon-selectionne-pour-le-festival-series-mania-2016\/embed\/#?secret=86SlXMn3dF\" width=\"600\" height=\"338\" title=\"\u00ab\u00a0\u00ab\u00a0Charon\u00a0\u00bb en comp\u00e9tition au festival S\u00e9ries Mania 2016\u00a0\u00bb &#8212; Joseph Minster\" data-secret=\"86SlXMn3dF\" frameborder=\"0\" marginwidth=\"0\" marginheight=\"0\" scrolling=\"no\" class=\"wp-embedded-content\"><\/iframe><script type=\"text\/javascript\">\n\/* <![CDATA[ *\/\n\/*! This file is auto-generated *\/\n!function(d,l){\"use strict\";l.querySelector&&d.addEventListener&&\"undefined\"!=typeof URL&&(d.wp=d.wp||{},d.wp.receiveEmbedMessage||(d.wp.receiveEmbedMessage=function(e){var t=e.data;if((t||t.secret||t.message||t.value)&&!\/[^a-zA-Z0-9]\/.test(t.secret)){for(var s,r,n,a=l.querySelectorAll('iframe[data-secret=\"'+t.secret+'\"]'),o=l.querySelectorAll('blockquote[data-secret=\"'+t.secret+'\"]'),c=new RegExp(\"^https?:$\",\"i\"),i=0;i<o.length;i++)o[i].style.display=\"none\";for(i=0;i<a.length;i++)s=a[i],e.source===s.contentWindow&&(s.removeAttribute(\"style\"),\"height\"===t.message?(1e3<(r=parseInt(t.value,10))?r=1e3:~~r<200&&(r=200),s.height=r):\"link\"===t.message&&(r=new URL(s.getAttribute(\"src\")),n=new URL(t.value),c.test(n.protocol))&&n.host===r.host&&l.activeElement===s&&(d.top.location.href=t.value))}},d.addEventListener(\"message\",d.wp.receiveEmbedMessage,!1),l.addEventListener(\"DOMContentLoaded\",function(){for(var e,t,s=l.querySelectorAll(\"iframe.wp-embedded-content\"),r=0;r<s.length;r++)(t=(e=s[r]).getAttribute(\"data-secret\"))||(t=Math.random().toString(36).substring(2,12),e.src+=\"#?secret=\"+t,e.setAttribute(\"data-secret\",t)),e.contentWindow.postMessage({message:\"ready\",secret:t},\"*\")},!1)))}(window,document);\n\/* ]]> *\/\n<\/script>\n","thumbnail_url":"https:\/\/i0.wp.com\/josephminster.com\/site\/wp-content\/uploads\/2018\/03\/Logo-Se\u0301ries-Mania.jpg?fit=2398%2C637&ssl=1","thumbnail_width":2398,"thumbnail_height":637,"description":"Charon fait partie de la s\u00e9lection de web-s\u00e9ries 2016 du festival S\u00e9ries Mania&nbsp;! Retrouvez en avant-premi\u00e8re deux \u00e9pisodes de Charon sur le site du Forum des images, jusqu&rsquo;au 24 avril. Les \u00e9pisodes 1 et 3 de Charon \u00e0 l&rsquo;UGC Cin\u00e9 Cit\u00e9 Les Halles le mardi 19 avril 2016 \u00e0 18h00."}

"Charon" en compétition au festival Séries Mania 2016 - Joseph Minster

<blockquote class="wp-embedded-content" data-secret="86SlXMn3dF"><a href="https://josephminster.com/site/charon-selectionne-pour-le-festival-series-mania-2016/">« Charon » en compétition au festival Séries Mania 2016</a></blockquote><iframe sandbox="allow-scripts" security="restricted" src="https://josephminster.com/site/charon-selectionne-pour-le-festival-series-mania-2016/embed/#?secret=86SlXMn3dF" width="600" height="338" title="« « Charon » en compétition au festival Séries Mania 2016 » &#8212; Joseph Minster" data-secret="86SlXMn3dF" frameborder="0" marginwidth="0" marginheight="0" scrolling="no" class="wp-embedded-content"></iframe><script type="text/javascript">
/* <![CDATA[ */
/*! This file is auto-generated */
!function(d,l){"use strict";l.querySelector&&d.addEventListener&&"undefined"!=typeof URL&&(d.wp=d.wp||{},d.wp.receiveEmbedMessage||(d.wp.receiveEmbedMessage=function(e){var t=e.data;if((t||t.secret||t.message||t.value)&&!/[^a-zA-Z0-9]/.test(t.secret)){for(var s,r,n,a=l.querySelectorAll('iframe[data-secret="'+t.secret+'"]'),o=l.querySelectorAll('blockquote[data-secret="'+t.secret+'"]'),c=new RegExp("^https?:$","i"),i=0;i<o.length;i++)o[i].style.display="none";for(i=0;i<a.length;i++)s=a[i],e.source===s.contentWindow&&(s.removeAttribute("style"),"height"===t.message?(1e3<(r=parseInt(t.value,10))?r=1e3:~~r<200&&(r=200),s.height=r):"link"===t.message&&(r=new URL(s.getAttribute("src")),n=new URL(t.value),c.test(n.protocol))&&n.host===r.host&&l.activeElement===s&&(d.top.location.href=t.value))}},d.addEventListener("message",d.wp.receiveEmbedMessage,!1),l.addEventListener("DOMContentLoaded",function(){for(var e,t,s=l.querySelectorAll("iframe.wp-embedded-content"),r=0;r<s.length;r++)(t=(e=s[r]).getAttribute("data-secret"))||(t=Math.random().toString(36).substring(2,12),e.src+="#?secret="+t,e.setAttribute("data-secret",t)),e.contentWindow.postMessage({message:"ready",secret:t},"*")},!1)))}(window,document);
/* ]]> */
</script>

Charon fait partie de la sélection de web-séries 2016 du festival Séries Mania&nbsp;! Retrouvez en avant-première deux épisodes de Charon sur le site du Forum des images, jusqu&rsquo;au 24 avril. Les épisodes 1 et 3 de Charon à l&rsquo;UGC Ciné Cité Les Halles le mardi 19 avril 2016 à 18h00.
